nds digit of 486471?
8
What is the millions digit of 2547861?
2
What is the ten thousands digit of 963406?
6
What is the units digit of 81960?
0
What is the ten thousands digit of 8921711?
2
What is the millions digit of 16181889?
6
What is the units digit of 1227186?
6
What is the hundreds digit of 1421514?
5
What is the units digit of 772942?
2
What is the ten thousands digit of 2647370?
4
What is the thousands digit of 312594?
2
What is the millions digit of 2595131?
2
What is the thousands digit of 975060?
5
What is the thousands digit of 6204072?
4
What is the hundreds digit of 4072779?
7
What is the ten thousands digit of 926230?
2
What is the units digit of 94138?
8
What is the tens digit of 33?
3
What is the thousands digit of 5555695?
5
What is the units digit of 2861616?
6
What is the hundreds digit of 1381442?
4
What is the tens digit of 1437399?
9
What is the hundred thousands digit of 345084?
3
What is the thousands digit of 77526?
7
What is the tens digit of 1742474?
7
What is the units digit of 10027518?
8
What is the ten millions digit of 13588056?
1
What is the hundreds digit of 309766?
7
What is the thousands digit of 501078?
1
What is the units digit of 99374?
4
What is the ten thousands digit of 2035705?
3
What is the millions digit of 1205252?
1
What is the ten thousands digit of 4299720?
9
What is the units digit of 1661788?
8
What is the tens digit of 4238277?
7
What is the ten thousands digit of 1552559?
5
What is the thousands digit of 6399430?
9
What is the hundred thousands digit of 17785217?
7
What is the thousands digit of 25429332?
9
What is the hundred thousands digit of 11744813?
7
What is the hundred thousands digit of 4082162?
0
What is the units digit of 4732435?
5
What is the hundred thousands digit of 10814325?
8
What is the units digit of 1021012?
2
What is the ten thousands digit of 8018760?
1
What is the millions digit of 1281738?
1
What is the millions digit of 16612381?
6
What is the millions digit of 18596694?
8
What is the hundred thousands digit of 7021080?
0
What is the units digit of 415936?
6
What is the units digit of 717728?
8
What is the hundred thousands digit of 1458066?
4
What is the hundreds digit of 691600?
6
What is the tens digit of 1518503?
0
What is the millions digit of 1039543?
1
What is the units digit of 647345?
5
What is the ten thousands digit of 2135678?
3
What is the thousands digit of 9334504?
4
What is the thousands digit of 507460?
7
What is the tens digit of 29777404?
0
What is the thousands digit of 165615?
5
What is the hundred thousands digit of 4799298?
7
What is the ten thousands digit of 1973888?
7
What is the hundred thousands digit of 788392?
7
What is the hundred thousands digit of 1989389?
9
What is the millions digit of 11771167?
1
What is the thousands digit of 386232?
6
What is the hundred thousands digit of 1483825?
4
What is the units digit of 224666?
6
What is the hundreds digit of 243377?
3
What is the units digit of 94433?
3
What is the millions digit of 8219830?
8
What is the hundred thousands digit of 4413156?
4
What is the ten millions digit of 13502654?
1
What is the ten thousands digit of 979484?
7
What is the tens digit of 188666?
6
What is the tens digit of 2275178?
7
What is the units digit of 20252931?
1
What is the hundreds digit of 11843064?
0
What is the hundred thousands digit of 13548783?
5
What is the hundred thousands digit of 1445555?
4
What is the units digit of 3919392?
2
What is the thousands digit of 559325?
9
What is the thousands digit of 6601726?
1
What is the thousands digit of 764252?
4
What is the millions digit of 3192721?
3
What is the hundred thousands digit of 1248074?
2
What is the hundred thousands digit of 5775553?
7
What is the thousands digit of 1305332?
5
What is the thousands digit of 3940304?
0
What is the hundred thousands digit of 6281634?
2
What is the tens digit of 303282?
8
What is the ten thousands digit of 224061?
2
What is the ten thousands digit of 862648?
6
What is the tens digit of 7075478?
7
What is the thousands digit of 208058?
8
What is the units digit of 315613?
3
What is the hundreds digit of 1785805?
8
What is the tens digit of 1572512?
1
What is the tens digit of 13525775?
7
What is the hundred thousands digit of 961968?
9
What is the thousands digit of 5574572?
4
What is the ten thousands digit of 1280242?
8
What is the ten thousands digit of 444897?
4
What is the units digit of 1249559?
9
What is the thousands digit of 5774374?
4
What is the hundreds digit of 8567?
5
What is the tens digit of 2782421?
2
What is the units digit of 5898001?
1
What is the hundreds digit of 29651?
6
What is the hundreds digit of 129740?
7
What is the hundred thousands digit of 1037096?
0
What is the tens digit of 1299199?
9
What is the hundred thousands digit of 117434?
1
What is the tens digit of 3949547?
4
What is the hundreds digit of 8120489?
4
What is the units digit of 4703299?
9
What is the tens digit of 342943?
4
What is the tens digit of 5147194?
9
What is the hundreds digit of 1304474?
4
What is the hundred thousands digit of 355354?
3
What is the tens digit of 217919?
1
What is the ten thousands digit of 602121?
0
What is the units digit of 5925296?
6
What is the tens digit of 412188?
8
What is the hundred thousands digit of 4427805?
4
What is the ten thousands digit of 47845?
4
What is the tens digit of 1160248?
4
What is the tens digit of 8176629?
2
What is the units digit of 216639?
9
What is the tens digit of 258687?
8
What is the hundreds digit of 286355?
3
What is the thousands digit of 3265087?
5
What is the hundreds digit of 18313785?
7
What is the thousands digit of 26102095?
2
What is the ten millions digit of 19792697?
1
What is the ten thousands digit of 2725109?
2
What is the ten thousands digit of 343744?
4
What is the hundreds digit of 34337006?
0
What is the hundreds digit of 16926709?
7
What is the hundreds digit of 199798?
7
What is the millions digit of 7699065?
7
What is the tens digit of 473007?
0
What is the hundred thousands digit of 277933?
2
What is the units digit of 159215?
5
What is the thousands digit of 324845?
4
What is the ten thousands digit of 282582?
8
What is the hundreds digit of 11335723?
7
What is the hundreds digit of 428918?
9
What is the hundreds digit of 28193052?
0
What is the ten thousands digit of 1562770?
6
What is the hundred thousands digit of 997618?
9
What is the hundred thousands digit of 914791?
9
What is the millions digit of 2480877?
2
What is the hundred thousands digit of 216146?
2
What is the hundred thousands digit of 196419?
1
What is the ten thousands digit of 541840?
4
What is the units digit of 7700597?
7
What is the ten thousands digit of 563272?
6
What is the hundred thousands digit of 200691?
2
What is the hundred thousands digit of 126329?
1
What is the units digit of 120713?
3
What is the units digit of 283133?
3
What is the tens digit of 107747?
4
What is the ten thousands digit of 793763?
9
What is the millions digit of 16170987?
6
What is the units digit of 341367?
7
What is the ten thousands digit of 4882023?
8
What is the hundreds digit of 9178392?
3
What is the hundred thousands digit of 864126?
8
What is the tens digit of 17533406?
0
What is the tens digit of 123032?
3
What is the units digit of 18173388?
8
What is the tens digit of 1956367?
6
What is the units digit of 2108?
8
What is the millions digit of 1410263?
1
What is the units digit of 902611?
1
What is the tens digit of 6460448?
4
What is the millions digit of 8028565?
8
What is the tens digit of 22972957?
5
What is the ten thousands digit of 20234066?
3
What is the tens digit of 38431347?
4
What is the thousands digit of 7551095?
1
What is the hundred thousands digit of 205847?
2
What is the thousands digit of 1416789?
6
What is the hundreds digit of 10081890?
8
What is the ten thousands digit of 833870?
3
What is the hundreds digit of 17884?
8
What is the hundreds digit of 853228?
2
What is the ten thousands digit of 801810?
0
What is the units digit of 1027214?
4
What is the tens digit of 13919631?
3
What is the hundreds digit of 1442302?
3
What is the units digit of 542118?
8
What is the millions digit of 2248606?
2
What is the hundred thousands digit of 3097530?
